{"id":304,"date":"2018-10-23T15:27:37","date_gmt":"2018-10-23T13:27:37","guid":{"rendered":"https:\/\/mv.leb.de\/usedom\/?page_id=304"},"modified":"2025-05-21T12:49:35","modified_gmt":"2025-05-21T10:49:35","slug":"aktuelles","status":"publish","type":"page","link":"https:\/\/mv.leb.de\/usedom\/aktuelles\/","title":{"rendered":"Aktuelles"},"content":{"rendered":"<p>[et_pb_section fb_built=&#8220;1&#8243; _builder_version=&#8220;4.16&#8243; global_colors_info=&#8220;{}&#8220;][et_pb_row _builder_version=&#8220;4.16&#8243; global_colors_info=&#8220;{}&#8220;][et_pb_column type=&#8220;4_4&#8243; _builder_version=&#8220;4.16&#8243; custom_padding=&#8220;|||&#8220; global_colors_info=&#8220;{}&#8220; custom_padding__hover=&#8220;|||&#8220;][et_pb_image src=&#8220;https:\/\/mv.leb.de\/usedom\/wp-content\/uploads\/sites\/3\/2018\/10\/Gesamtbild-e1540210829421.png&#8220; align=&#8220;center&#8220; force_fullwidth=&#8220;on&#8220; align_tablet=&#8220;center&#8220; align_phone=&#8220;&#8220; align_last_edited=&#8220;on|desktop&#8220; _builder_version=&#8220;4.16&#8243; saved_tabs=&#8220;all&#8220; global_colors_info=&#8220;{}&#8220;][\/et_pb_image][et_pb_text admin_label=&#8220;Text&#8220; _builder_version=&#8220;4.19.0&#8243; header_3_font=&#8220;|700|||||||&#8220; header_3_text_color=&#8220;#000000&#8243; hover_enabled=&#8220;0&#8243; z_index_tablet=&#8220;500&#8243; global_colors_info=&#8220;{}&#8220; sticky_enabled=&#8220;0&#8243;]<\/p>\n<h1><strong>Aktuelle Bildungsangebote der LEB Usedom<br \/><\/strong><\/h1>\n<p>&#8230; hier finden Sie aktuelle Ausz\u00fcge aus unserem aktuellen Angebot der n\u00e4chsten ein bis zwei Monate.<br \/>Bei l\u00e4nger andauernden Kursen ist auch nach Beginn noch der Einstieg m\u00f6glich. Bitte beachten Sie bei weiterf\u00fchrenden Veranstaltungen, dass Sie \u00fcber die die notwendigen Vorkenntnisse verf\u00fcgen. Unsere Mitarbeitenden beraten Sie gern pers\u00f6nlich. Au\u00dferdem besteht f\u00fcr Sie die M\u00f6glichkeit an laufenden Kursen probehalber zum &#8222;Schnuppern&#8220; teilzunehmen.<\/p>\n<h3><strong>Kursangebote LEB Usedom Mai\/Juni 2025<\/strong><\/h3>\n<table>\n<tbody>\n<tr>\n<td width=\"196\">\n<p>Kursbezeichnung:<\/p>\n<\/td>\n<td width=\"401\">\n<p><strong>Polnisch Aufbaukurse f\u00fcr Fortgeschrittene<\/strong><\/p>\n<\/td>\n<\/tr>\n<tr>\n<td width=\"196\">\n<p>Weiterf\u00fchrung<\/p>\n<\/td>\n<td width=\"401\">\n<p>montags:\u00a0\u00a0\u00a0\u00a0\u00a0\u00a0\u00a0\u00a0 17:30 Uhr<\/p>\n<p>dienstags:\u00a0\u00a0\u00a0\u00a0\u00a0\u00a0 16:30 Uhr<\/p>\n<p>mittwochs:\u00a0\u00a0\u00a0\u00a0\u00a0 17:30 Uhr<\/p>\n<\/td>\n<\/tr>\n<tr>\n<td width=\"196\">\n<p>Kursort:<\/p>\n<\/td>\n<td width=\"401\">\n<p><strong>Seebad Ahlbeck<\/strong><\/p>\n<\/td>\n<\/tr>\n<\/tbody>\n<\/table>\n<p>&nbsp;<\/p>\n<table>\n<tbody>\n<tr>\n<td width=\"196\">\n<p>Kursbezeichnung:<\/p>\n<\/td>\n<td width=\"401\">\n<p><strong>Polnisch Aufbaukurs f\u00fcr Fortgeschrittene<\/strong><\/p>\n<\/td>\n<\/tr>\n<tr>\n<td width=\"196\">\n<p>Weiterf\u00fchrung<\/p>\n<\/td>\n<td width=\"401\">\n<p>dienstags:\u00a0\u00a0\u00a0\u00a0\u00a0\u00a0 16:30 Uhr<\/p>\n<\/td>\n<\/tr>\n<tr>\n<td width=\"196\">\n<p>Kursort:<\/p>\n<\/td>\n<td width=\"401\">\n<p><strong>Stadt Usedom<\/strong><\/p>\n<\/td>\n<\/tr>\n<\/tbody>\n<\/table>\n<p>&nbsp;<\/p>\n<table>\n<tbody>\n<tr>\n<td width=\"196\">\n<p>Kursbezeichnung:<\/p>\n<\/td>\n<td width=\"401\">\n<p><strong>PC Aufbaukurs f\u00fcr Fortgeschrittene<\/strong><\/p>\n<\/td>\n<\/tr>\n<tr>\n<td width=\"196\">\n<p>&nbsp;<\/p>\n<\/td>\n<td width=\"401\">\n<p>Windows 11, MS Word, MS Excel, ChatGPT (KI)<\/p>\n<\/td>\n<\/tr>\n<tr>\n<td width=\"196\">\n<p>Beginn<\/p>\n<\/td>\n<td width=\"401\">\n<p>Mai\/Juni 2025<\/p>\n<\/td>\n<\/tr>\n<tr>\n<td width=\"196\">\n<p>Kursort:<\/p>\n<\/td>\n<td width=\"401\">\n<p><strong>Stadt Usedom<\/strong><\/p>\n<\/td>\n<\/tr>\n<\/tbody>\n<\/table>\n<p>&nbsp;<\/p>\n<table>\n<tbody>\n<tr>\n<td width=\"196\">\n<p>Kursbezeichnung:<\/p>\n<\/td>\n<td width=\"401\">\n<p><strong>Motorkettens\u00e4geschein<\/strong><\/p>\n<\/td>\n<\/tr>\n<tr>\n<td width=\"196\">\n<p>&nbsp;<\/p>\n<\/td>\n<td width=\"401\">\n<p>&nbsp;<\/p>\n<\/td>\n<\/tr>\n<tr>\n<td width=\"196\">\n<p>Beginn<\/p>\n<\/td>\n<td width=\"401\">\n<p>Freitag\/Samstag Mai\/Juni 2025<\/p>\n<\/td>\n<\/tr>\n<tr>\n<td width=\"196\">\n<p>Kursort:<\/p>\n<\/td>\n<td width=\"401\">\n<p><strong>Stadt Usedom<\/strong><\/p>\n<\/td>\n<\/tr>\n<\/tbody>\n<\/table>\n<p>&nbsp;<\/p>\n<table>\n<tbody>\n<tr>\n<td width=\"196\">\n<p><strong>Achtung!!!<\/strong><\/p>\n<\/td>\n<td width=\"401\">\n<p><strong>Wir suchen zeitnah eine Lehrkraft f\u00fcr die englische Sprache (m\/w\/d) f\u00fcr die Nachmittags- bzw. Abendstunden im Rahmen der Erwachsenenbildung. Interessenten bitte melden (siehe weiter unten).<\/strong><\/p>\n<\/td>\n<\/tr>\n<\/tbody>\n<\/table>\n<p>&nbsp;<\/p>\n<p>&nbsp;<\/p>\n<table>\n<tbody>\n<tr>\n<td width=\"215\">\n<p><strong>Infos und Anmeldung unter:<\/strong><\/p>\n<\/td>\n<td width=\"382\">\n<p>038372-711-33 oder -36 bzw. leb-usedom(\u00e4t)t-online.de<\/p>\n<\/td>\n<\/tr>\n<tr>\n<td width=\"215\">\n<p><strong>Weitere Kurse<\/strong><\/p>\n<\/td>\n<td width=\"382\">\n<p><a href=\"https:\/\/mv.leb.de\/usedom\/bildungsangebote\">https:\/\/mv.leb.de\/usedom\/bildungsangebote<\/a><\/p>\n<p>&nbsp;<\/p>\n<\/td>\n<\/tr>\n<\/tbody>\n<\/table>\n<p>&nbsp;<\/p>\n<p>[\/et_pb_text][\/et_pb_column][\/et_pb_row][\/et_pb_section]<\/p>\n","protected":false},"excerpt":{"rendered":"<p>Aktuelle Bildungsangebote der LEB Usedom &#8230; hier finden Sie aktuelle Ausz\u00fcge aus unserem aktuellen Angebot der n\u00e4chsten ein bis zwei Monate.Bei l\u00e4nger andauernden Kursen ist auch nach Beginn noch der Einstieg m\u00f6glich. Bitte beachten Sie bei weiterf\u00fchrenden Veranstaltungen, dass Sie \u00fcber die die notwendigen Vorkenntnisse verf\u00fcgen. Unsere Mitarbeitenden beraten Sie gern pers\u00f6nlich. Au\u00dferdem besteht f\u00fcr [&hellip;]<\/p>\n","protected":false},"author":2,"featured_media":0,"parent":0,"menu_order":0,"comment_status":"closed","ping_status":"closed","template":"","meta":{"_et_pb_use_builder":"on","_et_pb_old_content":"","_et_gb_content_width":""},"yoast_head":"<!-- This site is optimized with the Yoast SEO plugin v19.10 - https:\/\/yoast.com\/wordpress\/plugins\/seo\/ -->\n<title>Aktuelles - Usedom<\/title>\n<meta name=\"robots\" content=\"index, follow, max-snippet:-1, max-image-preview:large, max-video-preview:-1\" \/>\n<link rel=\"canonical\" href=\"https:\/\/mv.leb.de\/usedom\/aktuelles\/\" \/>\n<meta property=\"og:locale\" content=\"de_DE\" \/>\n<meta property=\"og:type\" content=\"article\" \/>\n<meta property=\"og:title\" content=\"Aktuelles - Usedom\" \/>\n<meta property=\"og:description\" content=\"Aktuelle Bildungsangebote der LEB Usedom ... hier finden Sie aktuelle Ausz\u00fcge aus unserem aktuellen Angebot der n\u00e4chsten ein bis zwei Monate.Bei l\u00e4nger andauernden Kursen ist auch nach Beginn noch der Einstieg m\u00f6glich. Bitte beachten Sie bei weiterf\u00fchrenden Veranstaltungen, dass Sie \u00fcber die die notwendigen Vorkenntnisse verf\u00fcgen. Unsere Mitarbeitenden beraten Sie gern pers\u00f6nlich. Au\u00dferdem besteht f\u00fcr [&hellip;]\" \/>\n<meta property=\"og:url\" content=\"https:\/\/mv.leb.de\/usedom\/aktuelles\/\" \/>\n<meta property=\"og:site_name\" content=\"Usedom\" \/>\n<meta property=\"article:modified_time\" content=\"2025-05-21T10:49:35+00:00\" \/>\n<meta name=\"twitter:card\" content=\"summary_large_image\" \/>\n<meta name=\"twitter:label1\" content=\"Gesch\u00e4tzte Lesezeit\" \/>\n\t<meta name=\"twitter:data1\" content=\"2\u00a0Minuten\" \/>\n<script type=\"application\/ld+json\" class=\"yoast-schema-graph\">{\"@context\":\"https:\/\/schema.org\",\"@graph\":[{\"@type\":\"WebPage\",\"@id\":\"https:\/\/mv.leb.de\/usedom\/aktuelles\/\",\"url\":\"https:\/\/mv.leb.de\/usedom\/aktuelles\/\",\"name\":\"Aktuelles - Usedom\",\"isPartOf\":{\"@id\":\"https:\/\/mv.leb.de\/usedom\/#website\"},\"datePublished\":\"2018-10-23T13:27:37+00:00\",\"dateModified\":\"2025-05-21T10:49:35+00:00\",\"breadcrumb\":{\"@id\":\"https:\/\/mv.leb.de\/usedom\/aktuelles\/#breadcrumb\"},\"inLanguage\":\"de\",\"potentialAction\":[{\"@type\":\"ReadAction\",\"target\":[\"https:\/\/mv.leb.de\/usedom\/aktuelles\/\"]}]},{\"@type\":\"BreadcrumbList\",\"@id\":\"https:\/\/mv.leb.de\/usedom\/aktuelles\/#breadcrumb\",\"itemListElement\":[{\"@type\":\"ListItem\",\"position\":1,\"name\":\"Startseite\",\"item\":\"https:\/\/mv.leb.de\/usedom\/\"},{\"@type\":\"ListItem\",\"position\":2,\"name\":\"Aktuelles\"}]},{\"@type\":\"WebSite\",\"@id\":\"https:\/\/mv.leb.de\/usedom\/#website\",\"url\":\"https:\/\/mv.leb.de\/usedom\/\",\"name\":\"Usedom\",\"description\":\"LEB Usedom\",\"potentialAction\":[{\"@type\":\"SearchAction\",\"target\":{\"@type\":\"EntryPoint\",\"urlTemplate\":\"https:\/\/mv.leb.de\/usedom\/?s={search_term_string}\"},\"query-input\":\"required name=search_term_string\"}],\"inLanguage\":\"de\"}]}<\/script>\n<!-- \/ Yoast SEO plugin. -->","yoast_head_json":{"title":"Aktuelles - Usedom","robots":{"index":"index","follow":"follow","max-snippet":"max-snippet:-1","max-image-preview":"max-image-preview:large","max-video-preview":"max-video-preview:-1"},"canonical":"https:\/\/mv.leb.de\/usedom\/aktuelles\/","og_locale":"de_DE","og_type":"article","og_title":"Aktuelles - Usedom","og_description":"Aktuelle Bildungsangebote der LEB Usedom ... hier finden Sie aktuelle Ausz\u00fcge aus unserem aktuellen Angebot der n\u00e4chsten ein bis zwei Monate.Bei l\u00e4nger andauernden Kursen ist auch nach Beginn noch der Einstieg m\u00f6glich. Bitte beachten Sie bei weiterf\u00fchrenden Veranstaltungen, dass Sie \u00fcber die die notwendigen Vorkenntnisse verf\u00fcgen. Unsere Mitarbeitenden beraten Sie gern pers\u00f6nlich. Au\u00dferdem besteht f\u00fcr [&hellip;]","og_url":"https:\/\/mv.leb.de\/usedom\/aktuelles\/","og_site_name":"Usedom","article_modified_time":"2025-05-21T10:49:35+00:00","twitter_card":"summary_large_image","twitter_misc":{"Gesch\u00e4tzte Lesezeit":"2\u00a0Minuten"},"schema":{"@context":"https:\/\/schema.org","@graph":[{"@type":"WebPage","@id":"https:\/\/mv.leb.de\/usedom\/aktuelles\/","url":"https:\/\/mv.leb.de\/usedom\/aktuelles\/","name":"Aktuelles - Usedom","isPartOf":{"@id":"https:\/\/mv.leb.de\/usedom\/#website"},"datePublished":"2018-10-23T13:27:37+00:00","dateModified":"2025-05-21T10:49:35+00:00","breadcrumb":{"@id":"https:\/\/mv.leb.de\/usedom\/aktuelles\/#breadcrumb"},"inLanguage":"de","potentialAction":[{"@type":"ReadAction","target":["https:\/\/mv.leb.de\/usedom\/aktuelles\/"]}]},{"@type":"BreadcrumbList","@id":"https:\/\/mv.leb.de\/usedom\/aktuelles\/#breadcrumb","itemListElement":[{"@type":"ListItem","position":1,"name":"Startseite","item":"https:\/\/mv.leb.de\/usedom\/"},{"@type":"ListItem","position":2,"name":"Aktuelles"}]},{"@type":"WebSite","@id":"https:\/\/mv.leb.de\/usedom\/#website","url":"https:\/\/mv.leb.de\/usedom\/","name":"Usedom","description":"LEB Usedom","potentialAction":[{"@type":"SearchAction","target":{"@type":"EntryPoint","urlTemplate":"https:\/\/mv.leb.de\/usedom\/?s={search_term_string}"},"query-input":"required name=search_term_string"}],"inLanguage":"de"}]}},"_links":{"self":[{"href":"https:\/\/mv.leb.de\/usedom\/wp-json\/wp\/v2\/pages\/304"}],"collection":[{"href":"https:\/\/mv.leb.de\/usedom\/wp-json\/wp\/v2\/pages"}],"about":[{"href":"https:\/\/mv.leb.de\/usedom\/wp-json\/wp\/v2\/types\/page"}],"author":[{"embeddable":true,"href":"https:\/\/mv.leb.de\/usedom\/wp-json\/wp\/v2\/users\/2"}],"replies":[{"embeddable":true,"href":"https:\/\/mv.leb.de\/usedom\/wp-json\/wp\/v2\/comments?post=304"}],"version-history":[{"count":78,"href":"https:\/\/mv.leb.de\/usedom\/wp-json\/wp\/v2\/pages\/304\/revisions"}],"predecessor-version":[{"id":775,"href":"https:\/\/mv.leb.de\/usedom\/wp-json\/wp\/v2\/pages\/304\/revisions\/775"}],"wp:attachment":[{"href":"https:\/\/mv.leb.de\/usedom\/wp-json\/wp\/v2\/media?parent=304"}],"curies":[{"name":"wp","href":"https:\/\/api.w.org\/{rel}","templated":true}]}}