{"id":204,"date":"2018-10-22T18:46:22","date_gmt":"2018-10-22T16:46:22","guid":{"rendered":"https:\/\/mv.leb.de\/usedom\/?page_id=204"},"modified":"2018-10-23T15:06:00","modified_gmt":"2018-10-23T13:06:00","slug":"8-gartengestaltung","status":"publish","type":"page","link":"https:\/\/mv.leb.de\/usedom\/8-gartengestaltung\/","title":{"rendered":"8. Gartengestaltung"},"content":{"rendered":"<p>[et_pb_section bb_built=&#8220;1&#8243;][et_pb_row][et_pb_column type=&#8220;4_4&#8243;][et_pb_text _builder_version=&#8220;3.9&#8243;]<\/p>\n<h2><strong>Gartengestaltung im l\u00e4ndlichen Raum<\/strong><\/h2>\n<table>\n<tbody>\n<tr>\n<td width=\"27\"><strong>a)<\/strong><\/td>\n<td width=\"368\"><strong>Harmonische Gartengestaltung im l\u00e4ndlichen Raum<\/strong><\/td>\n<td width=\"62\">6 U-Std.<\/td>\n<\/tr>\n<tr>\n<td width=\"27\">&nbsp;<\/td>\n<td width=\"368\">G\u00e4rtnern, wie in guter alter Zeit<\/td>\n<td width=\"62\">&nbsp;<\/td>\n<\/tr>\n<tr>\n<td width=\"27\">&nbsp;<\/td>\n<td width=\"368\">Anlegen eines Gartens:<\/p>\n<p>\u00b7\u00a0\u00a0\u00a0\u00a0\u00a0\u00a0\u00a0\u00a0 Grundregeln;<\/p>\n<p>\u00b7\u00a0\u00a0\u00a0\u00a0\u00a0\u00a0\u00a0\u00a0 Planung \u2013 wo pflanze ich was?<\/p>\n<p>\u00b7\u00a0\u00a0\u00a0\u00a0\u00a0\u00a0\u00a0\u00a0 Pflanzhilfen;<\/p>\n<p>\u00b7\u00a0\u00a0\u00a0\u00a0\u00a0\u00a0\u00a0\u00a0 Farbpsychologie.<\/td>\n<td width=\"62\">&nbsp;<\/td>\n<\/tr>\n<tr>\n<td width=\"27\">&nbsp;<\/td>\n<td width=\"368\">Erfolgsrezepte f\u00fcr den Biog\u00e4rtner:<\/p>\n<p>\u00b7\u00a0\u00a0\u00a0\u00a0\u00a0\u00a0\u00a0\u00a0 Die besten Gartentips;<\/p>\n<p>\u00b7\u00a0\u00a0\u00a0\u00a0\u00a0\u00a0\u00a0\u00a0 M\u00f6gliche Nutzungsformen des Gartens.<\/td>\n<td width=\"62\">&nbsp;<\/td>\n<\/tr>\n<\/tbody>\n<\/table>\n<p>&nbsp;<\/p>\n<p>[\/et_pb_text][\/et_pb_column][\/et_pb_row][\/et_pb_section]<\/p>\n","protected":false},"excerpt":{"rendered":"<p><div class=\"et_pb_row et_pb_row_0 et_pb_row_empty\">\n\t\t\t\t\n\t\t\t\t\n\t\t\t\t\n\t\t\t\t\n\t\t\t\t\n\t\t\t<\/div> Gartengestaltung im l\u00e4ndlichen Raum a) Harmonische Gartengestaltung im l\u00e4ndlichen Raum 6 U-Std. &nbsp; G\u00e4rtnern, wie in guter alter Zeit &nbsp; &nbsp; Anlegen eines Gartens: \u00b7\u00a0\u00a0\u00a0\u00a0\u00a0\u00a0\u00a0\u00a0 Grundregeln; \u00b7\u00a0\u00a0\u00a0\u00a0\u00a0\u00a0\u00a0\u00a0 Planung \u2013 wo pflanze ich was? \u00b7\u00a0\u00a0\u00a0\u00a0\u00a0\u00a0\u00a0\u00a0 Pflanzhilfen; \u00b7\u00a0\u00a0\u00a0\u00a0\u00a0\u00a0\u00a0\u00a0 Farbpsychologie. &nbsp; &nbsp; Erfolgsrezepte f\u00fcr den Biog\u00e4rtner: \u00b7\u00a0\u00a0\u00a0\u00a0\u00a0\u00a0\u00a0\u00a0 Die besten Gartentips; \u00b7\u00a0\u00a0\u00a0\u00a0\u00a0\u00a0\u00a0\u00a0 M\u00f6gliche Nutzungsformen des Gartens. &nbsp; &nbsp;<\/p>\n","protected":false},"author":2,"featured_media":0,"parent":0,"menu_order":0,"comment_status":"closed","ping_status":"closed","template":"","meta":{"_et_pb_use_builder":"on","_et_pb_old_content":"","_et_gb_content_width":""},"yoast_head":"<!-- This site is optimized with the Yoast SEO plugin v19.10 - https:\/\/yoast.com\/wordpress\/plugins\/seo\/ -->\n<title>8. Gartengestaltung - Usedom<\/title>\n<meta name=\"robots\" content=\"index, follow, max-snippet:-1, max-image-preview:large, max-video-preview:-1\" \/>\n<link rel=\"canonical\" href=\"https:\/\/mv.leb.de\/usedom\/8-gartengestaltung\/\" \/>\n<meta property=\"og:locale\" content=\"de_DE\" \/>\n<meta property=\"og:type\" content=\"article\" \/>\n<meta property=\"og:title\" content=\"8. Gartengestaltung - Usedom\" \/>\n<meta property=\"og:description\" content=\"Gartengestaltung im l\u00e4ndlichen Raum a) Harmonische Gartengestaltung im l\u00e4ndlichen Raum 6 U-Std. &nbsp; G\u00e4rtnern, wie in guter alter Zeit &nbsp; &nbsp; Anlegen eines Gartens: \u00b7\u00a0\u00a0\u00a0\u00a0\u00a0\u00a0\u00a0\u00a0 Grundregeln; \u00b7\u00a0\u00a0\u00a0\u00a0\u00a0\u00a0\u00a0\u00a0 Planung \u2013 wo pflanze ich was? \u00b7\u00a0\u00a0\u00a0\u00a0\u00a0\u00a0\u00a0\u00a0 Pflanzhilfen; \u00b7\u00a0\u00a0\u00a0\u00a0\u00a0\u00a0\u00a0\u00a0 Farbpsychologie. &nbsp; &nbsp; Erfolgsrezepte f\u00fcr den Biog\u00e4rtner: \u00b7\u00a0\u00a0\u00a0\u00a0\u00a0\u00a0\u00a0\u00a0 Die besten Gartentips; \u00b7\u00a0\u00a0\u00a0\u00a0\u00a0\u00a0\u00a0\u00a0 M\u00f6gliche Nutzungsformen des Gartens. &nbsp; &nbsp;\" \/>\n<meta property=\"og:url\" content=\"https:\/\/mv.leb.de\/usedom\/8-gartengestaltung\/\" \/>\n<meta property=\"og:site_name\" content=\"Usedom\" \/>\n<meta property=\"article:modified_time\" content=\"2018-10-23T13:06:00+00:00\" \/>\n<meta name=\"twitter:card\" content=\"summary_large_image\" \/>\n<script type=\"application\/ld+json\" class=\"yoast-schema-graph\">{\"@context\":\"https:\/\/schema.org\",\"@graph\":[{\"@type\":\"WebPage\",\"@id\":\"https:\/\/mv.leb.de\/usedom\/8-gartengestaltung\/\",\"url\":\"https:\/\/mv.leb.de\/usedom\/8-gartengestaltung\/\",\"name\":\"8. Gartengestaltung - Usedom\",\"isPartOf\":{\"@id\":\"https:\/\/mv.leb.de\/usedom\/#website\"},\"datePublished\":\"2018-10-22T16:46:22+00:00\",\"dateModified\":\"2018-10-23T13:06:00+00:00\",\"breadcrumb\":{\"@id\":\"https:\/\/mv.leb.de\/usedom\/8-gartengestaltung\/#breadcrumb\"},\"inLanguage\":\"de\",\"potentialAction\":[{\"@type\":\"ReadAction\",\"target\":[\"https:\/\/mv.leb.de\/usedom\/8-gartengestaltung\/\"]}]},{\"@type\":\"BreadcrumbList\",\"@id\":\"https:\/\/mv.leb.de\/usedom\/8-gartengestaltung\/#breadcrumb\",\"itemListElement\":[{\"@type\":\"ListItem\",\"position\":1,\"name\":\"Startseite\",\"item\":\"https:\/\/mv.leb.de\/usedom\/\"},{\"@type\":\"ListItem\",\"position\":2,\"name\":\"8. Gartengestaltung\"}]},{\"@type\":\"WebSite\",\"@id\":\"https:\/\/mv.leb.de\/usedom\/#website\",\"url\":\"https:\/\/mv.leb.de\/usedom\/\",\"name\":\"Usedom\",\"description\":\"LEB Usedom\",\"potentialAction\":[{\"@type\":\"SearchAction\",\"target\":{\"@type\":\"EntryPoint\",\"urlTemplate\":\"https:\/\/mv.leb.de\/usedom\/?s={search_term_string}\"},\"query-input\":\"required name=search_term_string\"}],\"inLanguage\":\"de\"}]}<\/script>\n<!-- \/ Yoast SEO plugin. -->","yoast_head_json":{"title":"8. Gartengestaltung - Usedom","robots":{"index":"index","follow":"follow","max-snippet":"max-snippet:-1","max-image-preview":"max-image-preview:large","max-video-preview":"max-video-preview:-1"},"canonical":"https:\/\/mv.leb.de\/usedom\/8-gartengestaltung\/","og_locale":"de_DE","og_type":"article","og_title":"8. Gartengestaltung - Usedom","og_description":"Gartengestaltung im l\u00e4ndlichen Raum a) Harmonische Gartengestaltung im l\u00e4ndlichen Raum 6 U-Std. &nbsp; G\u00e4rtnern, wie in guter alter Zeit &nbsp; &nbsp; Anlegen eines Gartens: \u00b7\u00a0\u00a0\u00a0\u00a0\u00a0\u00a0\u00a0\u00a0 Grundregeln; \u00b7\u00a0\u00a0\u00a0\u00a0\u00a0\u00a0\u00a0\u00a0 Planung \u2013 wo pflanze ich was? \u00b7\u00a0\u00a0\u00a0\u00a0\u00a0\u00a0\u00a0\u00a0 Pflanzhilfen; \u00b7\u00a0\u00a0\u00a0\u00a0\u00a0\u00a0\u00a0\u00a0 Farbpsychologie. &nbsp; &nbsp; Erfolgsrezepte f\u00fcr den Biog\u00e4rtner: \u00b7\u00a0\u00a0\u00a0\u00a0\u00a0\u00a0\u00a0\u00a0 Die besten Gartentips; \u00b7\u00a0\u00a0\u00a0\u00a0\u00a0\u00a0\u00a0\u00a0 M\u00f6gliche Nutzungsformen des Gartens. &nbsp; &nbsp;","og_url":"https:\/\/mv.leb.de\/usedom\/8-gartengestaltung\/","og_site_name":"Usedom","article_modified_time":"2018-10-23T13:06:00+00:00","twitter_card":"summary_large_image","schema":{"@context":"https:\/\/schema.org","@graph":[{"@type":"WebPage","@id":"https:\/\/mv.leb.de\/usedom\/8-gartengestaltung\/","url":"https:\/\/mv.leb.de\/usedom\/8-gartengestaltung\/","name":"8. Gartengestaltung - Usedom","isPartOf":{"@id":"https:\/\/mv.leb.de\/usedom\/#website"},"datePublished":"2018-10-22T16:46:22+00:00","dateModified":"2018-10-23T13:06:00+00:00","breadcrumb":{"@id":"https:\/\/mv.leb.de\/usedom\/8-gartengestaltung\/#breadcrumb"},"inLanguage":"de","potentialAction":[{"@type":"ReadAction","target":["https:\/\/mv.leb.de\/usedom\/8-gartengestaltung\/"]}]},{"@type":"BreadcrumbList","@id":"https:\/\/mv.leb.de\/usedom\/8-gartengestaltung\/#breadcrumb","itemListElement":[{"@type":"ListItem","position":1,"name":"Startseite","item":"https:\/\/mv.leb.de\/usedom\/"},{"@type":"ListItem","position":2,"name":"8. Gartengestaltung"}]},{"@type":"WebSite","@id":"https:\/\/mv.leb.de\/usedom\/#website","url":"https:\/\/mv.leb.de\/usedom\/","name":"Usedom","description":"LEB Usedom","potentialAction":[{"@type":"SearchAction","target":{"@type":"EntryPoint","urlTemplate":"https:\/\/mv.leb.de\/usedom\/?s={search_term_string}"},"query-input":"required name=search_term_string"}],"inLanguage":"de"}]}},"_links":{"self":[{"href":"https:\/\/mv.leb.de\/usedom\/wp-json\/wp\/v2\/pages\/204"}],"collection":[{"href":"https:\/\/mv.leb.de\/usedom\/wp-json\/wp\/v2\/pages"}],"about":[{"href":"https:\/\/mv.leb.de\/usedom\/wp-json\/wp\/v2\/types\/page"}],"author":[{"embeddable":true,"href":"https:\/\/mv.leb.de\/usedom\/wp-json\/wp\/v2\/users\/2"}],"replies":[{"embeddable":true,"href":"https:\/\/mv.leb.de\/usedom\/wp-json\/wp\/v2\/comments?post=204"}],"version-history":[{"count":3,"href":"https:\/\/mv.leb.de\/usedom\/wp-json\/wp\/v2\/pages\/204\/revisions"}],"predecessor-version":[{"id":295,"href":"https:\/\/mv.leb.de\/usedom\/wp-json\/wp\/v2\/pages\/204\/revisions\/295"}],"wp:attachment":[{"href":"https:\/\/mv.leb.de\/usedom\/wp-json\/wp\/v2\/media?parent=204"}],"curies":[{"name":"wp","href":"https:\/\/api.w.org\/{rel}","templated":true}]}}