{"id":129,"date":"2018-10-19T18:43:05","date_gmt":"2018-10-19T16:43:05","guid":{"rendered":"https:\/\/mv.leb.de\/usedom\/?page_id=129"},"modified":"2019-01-17T15:56:19","modified_gmt":"2019-01-17T14:56:19","slug":"leitbild","status":"publish","type":"page","link":"https:\/\/mv.leb.de\/usedom\/leitbild\/","title":{"rendered":"Leitbild"},"content":{"rendered":"<p>[et_pb_section bb_built=&#8220;1&#8243;][et_pb_row][et_pb_column type=&#8220;4_4&#8243;][et_pb_image src=&#8220;https:\/\/mv.leb.de\/usedom\/wp-content\/uploads\/sites\/3\/2018\/10\/Gesamtbild-e1540210829421.png&#8220; align=&#8220;center&#8220; force_fullwidth=&#8220;on&#8220; _builder_version=&#8220;3.9&#8243; \/][et_pb_text admin_label=&#8220;Leitbild &#8211; Text&#8220; _builder_version=&#8220;3.9&#8243;]<\/p>\n<h1><strong>Leitbild der LEB Usedom<\/strong><\/h1>\n<p>Der \u201eL\u00e4ndliche Erwachsenenbildung Kreisarbeitsgemeinschaft Peeneland\u201c e.V. ist ein gemeinn\u00fctziger Verein, dessen Arbeit auf die Organisation und Durchf\u00fchrung von Bildungsveranstaltungen und Projekten gerichtet ist, die der allgemeinen und politischen Weiterbildung unserer Kunden dienen sowie deren Besch\u00e4ftigung, soziale Eingliederung und Fortschreibung individueller Lernbiografien unterst\u00fctzen.<\/p>\n<p>F\u00fcr unser Handeln und unsere Bildungsarbeit sind die Werte der Chancengleichheit und sozialen Gerechtigkeit, der Gleichberechtigung, Eigenverantwortung und Solidarit\u00e4t sowie der Emanzipation und Humanit\u00e4t bestimmend. Dabei orientieren wir uns am Grundgesetz der Bundesrepublik Deutschland und einem umfassenden Demokratieverst\u00e4ndnis. Wir sind offen f\u00fcr Menschen unterschiedlicher weltanschaulicher, konfessioneller oder politischer Standpunkte, f\u00fcr Menschen aller gesellschaftlichen Schichten und ethnischer Abstammung.<\/p>\n<p>Im Rahmen des Lebenslangen Lernens richtet sich unser Wirken prinzipiell an alle bildungs- und arbeitswilligen B\u00fcrger der Region Mecklenburg-Vorpommern, speziell jedoch auf die Arbeit mit Erwachsenen und Jugendlichen.<\/p>\n<p>Getreu unserem Motto<strong> \u201eGemeinsam lernen \u2013 sinnvoll Leben!\u201c<\/strong><\/p>\n<p>leisten wir als innovativer Bildungsanbieter wir mit unserem kompetenten Personal- und Dozentenstamm einen substanziellen Beitrag zur formellen als auch informellen Bildung unserer Kursteilnehmenden und erweisen uns in jeder Hinsicht als zuverl\u00e4ssiger Gesch\u00e4ftspartner.<\/p>\n<p>Unsere Kunden haben als Ergebnis der Lehrg\u00e4nge ihre fachlichen, lebensanschaulichen und sozialen Kompetenzen vervollkommnet, sind entsprechend motiviert, um die nun verbesserte Handlungsf\u00e4higkeit zielgerichtet zur Beurteilung des gesellschaftlichen Umfeldes und ihrer Lage einzusetzen um letztendlich ihre individuelle Lebenssituation verbessern zu k\u00f6nnen.<\/p>\n<h1><strong>Grundwerte<\/strong><\/h1>\n<p>Unsere Grundwerte verk\u00f6rpern unsere Mitarbeiter und Dozenten durch:<\/p>\n<ul>\n<li><strong>Qualit\u00e4t\u00a0 und\u00a0 Kompetenz<\/strong><\/li>\n<li><strong>Toleranz, Offenheit\u00a0 und\u00a0 Chancengleichheit<\/strong><\/li>\n<li><strong>Akzeptanz,\u00a0 Dialog- und Hilfsbereitschaft<\/strong><\/li>\n<li><strong>Ehrlichkeit und Empathie gegen\u00fcber unseren Kunden,\u00a0\u00a0\u00a0\u00a0<\/strong><\/li>\n<li><strong>Vertrauensvolle Zusammenarbeit nach innen und au\u00dfen<\/strong><\/li>\n<\/ul>\n<p>&nbsp;<\/p>\n<p>[\/et_pb_text][\/et_pb_column][\/et_pb_row][\/et_pb_section]<\/p>\n","protected":false},"excerpt":{"rendered":"<p><div class=\"et_pb_row et_pb_row_0 et_pb_row_empty\">\n\t\t\t\t\n\t\t\t\t\n\t\t\t\t\n\t\t\t\t\n\t\t\t\t\n\t\t\t<\/div> Leitbild der LEB Usedom Der \u201eL\u00e4ndliche Erwachsenenbildung Kreisarbeitsgemeinschaft Peeneland\u201c e.V. ist ein gemeinn\u00fctziger Verein, dessen Arbeit auf die Organisation und Durchf\u00fchrung von Bildungsveranstaltungen und Projekten gerichtet ist, die der allgemeinen und politischen Weiterbildung unserer Kunden dienen sowie deren Besch\u00e4ftigung, soziale Eingliederung und Fortschreibung individueller Lernbiografien unterst\u00fctzen. F\u00fcr unser Handeln und unsere Bildungsarbeit sind die [&hellip;]<\/p>\n","protected":false},"author":2,"featured_media":0,"parent":0,"menu_order":0,"comment_status":"closed","ping_status":"closed","template":"","meta":{"_et_pb_use_builder":"on","_et_pb_old_content":"","_et_gb_content_width":""},"yoast_head":"<!-- This site is optimized with the Yoast SEO plugin v19.10 - https:\/\/yoast.com\/wordpress\/plugins\/seo\/ -->\n<title>Leitbild - Usedom<\/title>\n<meta name=\"robots\" content=\"index, follow, max-snippet:-1, max-image-preview:large, max-video-preview:-1\" \/>\n<link rel=\"canonical\" href=\"https:\/\/mv.leb.de\/usedom\/leitbild\/\" \/>\n<meta property=\"og:locale\" content=\"de_DE\" \/>\n<meta property=\"og:type\" content=\"article\" \/>\n<meta property=\"og:title\" content=\"Leitbild - Usedom\" \/>\n<meta property=\"og:description\" content=\"Leitbild der LEB Usedom Der \u201eL\u00e4ndliche Erwachsenenbildung Kreisarbeitsgemeinschaft Peeneland\u201c e.V. ist ein gemeinn\u00fctziger Verein, dessen Arbeit auf die Organisation und Durchf\u00fchrung von Bildungsveranstaltungen und Projekten gerichtet ist, die der allgemeinen und politischen Weiterbildung unserer Kunden dienen sowie deren Besch\u00e4ftigung, soziale Eingliederung und Fortschreibung individueller Lernbiografien unterst\u00fctzen. F\u00fcr unser Handeln und unsere Bildungsarbeit sind die [&hellip;]\" \/>\n<meta property=\"og:url\" content=\"https:\/\/mv.leb.de\/usedom\/leitbild\/\" \/>\n<meta property=\"og:site_name\" content=\"Usedom\" \/>\n<meta property=\"article:modified_time\" content=\"2019-01-17T14:56:19+00:00\" \/>\n<meta name=\"twitter:card\" content=\"summary_large_image\" \/>\n<meta name=\"twitter:label1\" content=\"Gesch\u00e4tzte Lesezeit\" \/>\n\t<meta name=\"twitter:data1\" content=\"2\u00a0Minuten\" \/>\n<script type=\"application\/ld+json\" class=\"yoast-schema-graph\">{\"@context\":\"https:\/\/schema.org\",\"@graph\":[{\"@type\":\"WebPage\",\"@id\":\"https:\/\/mv.leb.de\/usedom\/leitbild\/\",\"url\":\"https:\/\/mv.leb.de\/usedom\/leitbild\/\",\"name\":\"Leitbild - Usedom\",\"isPartOf\":{\"@id\":\"https:\/\/mv.leb.de\/usedom\/#website\"},\"datePublished\":\"2018-10-19T16:43:05+00:00\",\"dateModified\":\"2019-01-17T14:56:19+00:00\",\"breadcrumb\":{\"@id\":\"https:\/\/mv.leb.de\/usedom\/leitbild\/#breadcrumb\"},\"inLanguage\":\"de\",\"potentialAction\":[{\"@type\":\"ReadAction\",\"target\":[\"https:\/\/mv.leb.de\/usedom\/leitbild\/\"]}]},{\"@type\":\"BreadcrumbList\",\"@id\":\"https:\/\/mv.leb.de\/usedom\/leitbild\/#breadcrumb\",\"itemListElement\":[{\"@type\":\"ListItem\",\"position\":1,\"name\":\"Startseite\",\"item\":\"https:\/\/mv.leb.de\/usedom\/\"},{\"@type\":\"ListItem\",\"position\":2,\"name\":\"Leitbild\"}]},{\"@type\":\"WebSite\",\"@id\":\"https:\/\/mv.leb.de\/usedom\/#website\",\"url\":\"https:\/\/mv.leb.de\/usedom\/\",\"name\":\"Usedom\",\"description\":\"LEB Usedom\",\"potentialAction\":[{\"@type\":\"SearchAction\",\"target\":{\"@type\":\"EntryPoint\",\"urlTemplate\":\"https:\/\/mv.leb.de\/usedom\/?s={search_term_string}\"},\"query-input\":\"required name=search_term_string\"}],\"inLanguage\":\"de\"}]}<\/script>\n<!-- \/ Yoast SEO plugin. -->","yoast_head_json":{"title":"Leitbild - Usedom","robots":{"index":"index","follow":"follow","max-snippet":"max-snippet:-1","max-image-preview":"max-image-preview:large","max-video-preview":"max-video-preview:-1"},"canonical":"https:\/\/mv.leb.de\/usedom\/leitbild\/","og_locale":"de_DE","og_type":"article","og_title":"Leitbild - Usedom","og_description":"Leitbild der LEB Usedom Der \u201eL\u00e4ndliche Erwachsenenbildung Kreisarbeitsgemeinschaft Peeneland\u201c e.V. ist ein gemeinn\u00fctziger Verein, dessen Arbeit auf die Organisation und Durchf\u00fchrung von Bildungsveranstaltungen und Projekten gerichtet ist, die der allgemeinen und politischen Weiterbildung unserer Kunden dienen sowie deren Besch\u00e4ftigung, soziale Eingliederung und Fortschreibung individueller Lernbiografien unterst\u00fctzen. F\u00fcr unser Handeln und unsere Bildungsarbeit sind die [&hellip;]","og_url":"https:\/\/mv.leb.de\/usedom\/leitbild\/","og_site_name":"Usedom","article_modified_time":"2019-01-17T14:56:19+00:00","twitter_card":"summary_large_image","twitter_misc":{"Gesch\u00e4tzte Lesezeit":"2\u00a0Minuten"},"schema":{"@context":"https:\/\/schema.org","@graph":[{"@type":"WebPage","@id":"https:\/\/mv.leb.de\/usedom\/leitbild\/","url":"https:\/\/mv.leb.de\/usedom\/leitbild\/","name":"Leitbild - Usedom","isPartOf":{"@id":"https:\/\/mv.leb.de\/usedom\/#website"},"datePublished":"2018-10-19T16:43:05+00:00","dateModified":"2019-01-17T14:56:19+00:00","breadcrumb":{"@id":"https:\/\/mv.leb.de\/usedom\/leitbild\/#breadcrumb"},"inLanguage":"de","potentialAction":[{"@type":"ReadAction","target":["https:\/\/mv.leb.de\/usedom\/leitbild\/"]}]},{"@type":"BreadcrumbList","@id":"https:\/\/mv.leb.de\/usedom\/leitbild\/#breadcrumb","itemListElement":[{"@type":"ListItem","position":1,"name":"Startseite","item":"https:\/\/mv.leb.de\/usedom\/"},{"@type":"ListItem","position":2,"name":"Leitbild"}]},{"@type":"WebSite","@id":"https:\/\/mv.leb.de\/usedom\/#website","url":"https:\/\/mv.leb.de\/usedom\/","name":"Usedom","description":"LEB Usedom","potentialAction":[{"@type":"SearchAction","target":{"@type":"EntryPoint","urlTemplate":"https:\/\/mv.leb.de\/usedom\/?s={search_term_string}"},"query-input":"required name=search_term_string"}],"inLanguage":"de"}]}},"_links":{"self":[{"href":"https:\/\/mv.leb.de\/usedom\/wp-json\/wp\/v2\/pages\/129"}],"collection":[{"href":"https:\/\/mv.leb.de\/usedom\/wp-json\/wp\/v2\/pages"}],"about":[{"href":"https:\/\/mv.leb.de\/usedom\/wp-json\/wp\/v2\/types\/page"}],"author":[{"embeddable":true,"href":"https:\/\/mv.leb.de\/usedom\/wp-json\/wp\/v2\/users\/2"}],"replies":[{"embeddable":true,"href":"https:\/\/mv.leb.de\/usedom\/wp-json\/wp\/v2\/comments?post=129"}],"version-history":[{"count":5,"href":"https:\/\/mv.leb.de\/usedom\/wp-json\/wp\/v2\/pages\/129\/revisions"}],"predecessor-version":[{"id":357,"href":"https:\/\/mv.leb.de\/usedom\/wp-json\/wp\/v2\/pages\/129\/revisions\/357"}],"wp:attachment":[{"href":"https:\/\/mv.leb.de\/usedom\/wp-json\/wp\/v2\/media?parent=129"}],"curies":[{"name":"wp","href":"https:\/\/api.w.org\/{rel}","templated":true}]}}